{"id":476,"date":"2022-03-08T12:03:36","date_gmt":"2022-03-08T11:03:36","guid":{"rendered":"https:\/\/www.stepfish.de\/filme\/?post_type=product&#038;p=476"},"modified":"2022-03-08T12:03:36","modified_gmt":"2022-03-08T11:03:36","slug":"die-libellen-3-spannende-fakten","status":"publish","type":"product","link":"https:\/\/www.stepfish.de\/filme\/produkt\/die-libellen-3-spannende-fakten\/","title":{"rendered":"Die Libellen &#8211; 3 spannende Fakten"},"content":{"rendered":"<p>Die Libellen (Odonata) sind eine Ordnung der Insekten. Sie fallen besonders durch ihre rei\u00dferischen Flugman\u00f6ver auf. Eben standen sie noch in der Luft, im n\u00e4chsten Moment fliegen sie R\u00fcckw\u00e4rts und vollziehen einen perfekten Looping. Doch nicht nur das macht sie so faszinierend.<br \/>\nLibellen leben schon l\u00e4nger als die Dinosaurier auf unserer Erde. Seit dieser Zeit haben sie sich kaum ver\u00e4ndert &#8230; bis auf die Gr\u00f6\u00dfe! <\/p>\n<p>In diesem Video m\u00f6chten wir dir aber noch mehr Fakten vorstellen:<br \/>\n\u2022 Libellen haben eine ausgekl\u00fcgelte Flugtechnik, mit der sie faszinierende und schnelle Flugman\u00f6ver fliegen k\u00f6nnen. Kennst du schon die direkte Flugmuskulatur?<br \/>\n\u2022 Anders als viele Menschen denken, sind Libellen f\u00fcr uns nicht gef\u00e4hrlich. Ihr Hinterleib sieht nur so aus wie ein Stachel. Ihre Mundwerkzeuge sind zwar bei vielen Insekten gef\u00fcrchtet, aber sie k\u00f6nnen nicht unsere Haut durchdringen, selbst wenn sie wollten. Aber meist sind Libellen so scheu, dass sie uns nicht zu nahe kommen.  <\/p>\n","protected":false},"excerpt":{"rendered":"<p>0:00 Einleitung<\/p>\n<p>0:19 &Auml;lter als die Dinosaurier<\/p>\n<p>1:42 Fl&uuml;gel bewegen sich unabh&auml;ngig<\/p>\n<p>2:44 Libellen sind nicht gef&auml;hrlich<\/p>\n<p>3:30 Outro<\/p>\n","protected":false},"featured_media":472,"comment_status":"open","ping_status":"closed","template":"","meta":[],"product_cat":[23],"product_tag":[24],"yoast_head":"<!-- This site is optimized with the Yoast SEO plugin v18.0 - https:\/\/yoast.com\/wordpress\/plugins\/seo\/ -->\n<title>Die Libellen - 3 spannende Fakten - StepFish - Film Lizenzen<\/title>\n<meta name=\"robots\" content=\"noindex, follow, max-snippet:-1, max-image-preview:large, max-video-preview:-1\" \/>\n<meta property=\"og:locale\" content=\"de_DE\" \/>\n<meta property=\"og:type\" content=\"article\" \/>\n<meta property=\"og:title\" content=\"Die Libellen - 3 spannende Fakten - StepFish - Film Lizenzen\" \/>\n<meta property=\"og:description\" content=\"0:00 Einleitung 0:19 &Auml;lter als die Dinosaurier 1:42 Fl&uuml;gel bewegen sich unabh&auml;ngig 2:44 Libellen sind nicht gef&auml;hrlich 3:30 Outro\" \/>\n<meta property=\"og:url\" content=\"https:\/\/www.stepfish.de\/filme\/produkt\/die-libellen-3-spannende-fakten\/\" \/>\n<meta property=\"og:site_name\" content=\"StepFish - Film Lizenzen\" \/>\n<meta property=\"og:image\" content=\"https:\/\/www.stepfish.de\/filme\/wp-content\/uploads\/sites\/2\/2022\/03\/Libelle-3Fakten_Cover_XS.jpg\" \/>\n\t<meta property=\"og:image:width\" content=\"1280\" \/>\n\t<meta property=\"og:image:height\" content=\"720\" \/>\n\t<meta property=\"og:image:type\" content=\"image\/jpeg\" \/>\n<meta name=\"twitter:card\" content=\"summary_large_image\" \/>\n<meta name=\"twitter:label1\" content=\"Gesch\u00e4tzte Lesezeit\" \/>\n\t<meta name=\"twitter:data1\" content=\"1\u00a0Minute\" \/>\n<script type=\"application\/ld+json\" class=\"yoast-schema-graph\">{\"@context\":\"https:\/\/schema.org\",\"@graph\":[{\"@type\":\"WebSite\",\"@id\":\"https:\/\/www.stepfish.de\/filme\/#website\",\"url\":\"https:\/\/www.stepfish.de\/filme\/\",\"name\":\"StepFish - Film Lizenzen\",\"description\":\"Film Lizenzen\",\"potentialAction\":[{\"@type\":\"SearchAction\",\"target\":{\"@type\":\"EntryPoint\",\"urlTemplate\":\"https:\/\/www.stepfish.de\/filme\/?s={search_term_string}\"},\"query-input\":\"required name=search_term_string\"}],\"inLanguage\":\"de\"},{\"@type\":\"ImageObject\",\"@id\":\"https:\/\/www.stepfish.de\/filme\/produkt\/die-libellen-3-spannende-fakten\/#primaryimage\",\"inLanguage\":\"de\",\"url\":\"https:\/\/www.stepfish.de\/filme\/wp-content\/uploads\/sites\/2\/2022\/03\/Libelle-3Fakten_Cover_XS.jpg\",\"contentUrl\":\"https:\/\/www.stepfish.de\/filme\/wp-content\/uploads\/sites\/2\/2022\/03\/Libelle-3Fakten_Cover_XS.jpg\",\"width\":1280,\"height\":720},{\"@type\":\"WebPage\",\"@id\":\"https:\/\/www.stepfish.de\/filme\/produkt\/die-libellen-3-spannende-fakten\/#webpage\",\"url\":\"https:\/\/www.stepfish.de\/filme\/produkt\/die-libellen-3-spannende-fakten\/\",\"name\":\"Die Libellen - 3 spannende Fakten - StepFish - Film Lizenzen\",\"isPartOf\":{\"@id\":\"https:\/\/www.stepfish.de\/filme\/#website\"},\"primaryImageOfPage\":{\"@id\":\"https:\/\/www.stepfish.de\/filme\/produkt\/die-libellen-3-spannende-fakten\/#primaryimage\"},\"datePublished\":\"2022-03-08T11:03:36+00:00\",\"dateModified\":\"2022-03-08T11:03:36+00:00\",\"breadcrumb\":{\"@id\":\"https:\/\/www.stepfish.de\/filme\/produkt\/die-libellen-3-spannende-fakten\/#breadcrumb\"},\"inLanguage\":\"de\",\"potentialAction\":[{\"@type\":\"ReadAction\",\"target\":[\"https:\/\/www.stepfish.de\/filme\/produkt\/die-libellen-3-spannende-fakten\/\"]}]},{\"@type\":\"BreadcrumbList\",\"@id\":\"https:\/\/www.stepfish.de\/filme\/produkt\/die-libellen-3-spannende-fakten\/#breadcrumb\",\"itemListElement\":[{\"@type\":\"ListItem\",\"position\":1,\"name\":\"Katalog\",\"item\":\"https:\/\/www.stepfish.de\/filme\/katalog\/\"},{\"@type\":\"ListItem\",\"position\":2,\"name\":\"Die Libellen &#8211; 3 spannende Fakten\"}]}]}<\/script>\n<!-- \/ Yoast SEO plugin. -->","yoast_head_json":{"title":"Die Libellen - 3 spannende Fakten - StepFish - Film Lizenzen","robots":{"index":"noindex","follow":"follow","max-snippet":"max-snippet:-1","max-image-preview":"max-image-preview:large","max-video-preview":"max-video-preview:-1"},"og_locale":"de_DE","og_type":"article","og_title":"Die Libellen - 3 spannende Fakten - StepFish - Film Lizenzen","og_description":"0:00 Einleitung 0:19 &Auml;lter als die Dinosaurier 1:42 Fl&uuml;gel bewegen sich unabh&auml;ngig 2:44 Libellen sind nicht gef&auml;hrlich 3:30 Outro","og_url":"https:\/\/www.stepfish.de\/filme\/produkt\/die-libellen-3-spannende-fakten\/","og_site_name":"StepFish - Film Lizenzen","og_image":[{"width":1280,"height":720,"url":"https:\/\/www.stepfish.de\/filme\/wp-content\/uploads\/sites\/2\/2022\/03\/Libelle-3Fakten_Cover_XS.jpg","type":"image\/jpeg"}],"twitter_card":"summary_large_image","twitter_misc":{"Gesch\u00e4tzte Lesezeit":"1\u00a0Minute"},"schema":{"@context":"https:\/\/schema.org","@graph":[{"@type":"WebSite","@id":"https:\/\/www.stepfish.de\/filme\/#website","url":"https:\/\/www.stepfish.de\/filme\/","name":"StepFish - Film Lizenzen","description":"Film Lizenzen","potentialAction":[{"@type":"SearchAction","target":{"@type":"EntryPoint","urlTemplate":"https:\/\/www.stepfish.de\/filme\/?s={search_term_string}"},"query-input":"required name=search_term_string"}],"inLanguage":"de"},{"@type":"ImageObject","@id":"https:\/\/www.stepfish.de\/filme\/produkt\/die-libellen-3-spannende-fakten\/#primaryimage","inLanguage":"de","url":"https:\/\/www.stepfish.de\/filme\/wp-content\/uploads\/sites\/2\/2022\/03\/Libelle-3Fakten_Cover_XS.jpg","contentUrl":"https:\/\/www.stepfish.de\/filme\/wp-content\/uploads\/sites\/2\/2022\/03\/Libelle-3Fakten_Cover_XS.jpg","width":1280,"height":720},{"@type":"WebPage","@id":"https:\/\/www.stepfish.de\/filme\/produkt\/die-libellen-3-spannende-fakten\/#webpage","url":"https:\/\/www.stepfish.de\/filme\/produkt\/die-libellen-3-spannende-fakten\/","name":"Die Libellen - 3 spannende Fakten - StepFish - Film Lizenzen","isPartOf":{"@id":"https:\/\/www.stepfish.de\/filme\/#website"},"primaryImageOfPage":{"@id":"https:\/\/www.stepfish.de\/filme\/produkt\/die-libellen-3-spannende-fakten\/#primaryimage"},"datePublished":"2022-03-08T11:03:36+00:00","dateModified":"2022-03-08T11:03:36+00:00","breadcrumb":{"@id":"https:\/\/www.stepfish.de\/filme\/produkt\/die-libellen-3-spannende-fakten\/#breadcrumb"},"inLanguage":"de","potentialAction":[{"@type":"ReadAction","target":["https:\/\/www.stepfish.de\/filme\/produkt\/die-libellen-3-spannende-fakten\/"]}]},{"@type":"BreadcrumbList","@id":"https:\/\/www.stepfish.de\/filme\/produkt\/die-libellen-3-spannende-fakten\/#breadcrumb","itemListElement":[{"@type":"ListItem","position":1,"name":"Katalog","item":"https:\/\/www.stepfish.de\/filme\/katalog\/"},{"@type":"ListItem","position":2,"name":"Die Libellen &#8211; 3 spannende Fakten"}]}]}},"acf":[],"_links":{"self":[{"href":"https:\/\/www.stepfish.de\/filme\/wp-json\/wp\/v2\/product\/476"}],"collection":[{"href":"https:\/\/www.stepfish.de\/filme\/wp-json\/wp\/v2\/product"}],"about":[{"href":"https:\/\/www.stepfish.de\/filme\/wp-json\/wp\/v2\/types\/product"}],"replies":[{"embeddable":true,"href":"https:\/\/www.stepfish.de\/filme\/wp-json\/wp\/v2\/comments?post=476"}],"wp:featuredmedia":[{"embeddable":true,"href":"https:\/\/www.stepfish.de\/filme\/wp-json\/wp\/v2\/media\/472"}],"wp:attachment":[{"href":"https:\/\/www.stepfish.de\/filme\/wp-json\/wp\/v2\/media?parent=476"}],"wp:term":[{"taxonomy":"product_cat","embeddable":true,"href":"https:\/\/www.stepfish.de\/filme\/wp-json\/wp\/v2\/product_cat?post=476"},{"taxonomy":"product_tag","embeddable":true,"href":"https:\/\/www.stepfish.de\/filme\/wp-json\/wp\/v2\/product_tag?post=476"}],"curies":[{"name":"wp","href":"https:\/\/api.w.org\/{rel}","templated":true}]}}